 of 105 and 754909449?
21
What is the greatest common factor of 148069 and 42788?
563
What is the greatest common factor of 6566 and 5503246?
938
What is the greatest common divisor of 12536152 and 186?
62
What is the greatest common factor of 875098 and 154?
14
What is the highest common factor of 18 and 33901860?
6
What is the highest common factor of 176592440 and 2020?
2020
Calculate the greatest common factor of 1717052637 and 219.
219
Calculate the greatest common divisor of 33153 and 623844.
129
Calculate the greatest common divisor of 14066 and 1403354.
1082
Calculate the greatest common factor of 947 and 2400.
1
Calculate the highest common factor of 104829 and 127563.
1263
Calculate the greatest common divisor of 1618022 and 10.
2
Calculate the highest common divisor of 284264 and 1104.
8
Calculate the highest common factor of 45050 and 7240.
10
What is the greatest common factor of 11379796 and 41?
41
What is the highest common divisor of 3750 and 930870?
30
Calculate the highest common divisor of 32 and 21759016.
8
What is the highest common factor of 209018 and 2870?
82
Calculate the greatest common divisor of 2197 and 196001.
13
Calculate the greatest common factor of 2 and 12819079.
1
What is the highest common divisor of 10 and 3370345?
5
Calculate the greatest common factor of 3174 and 8250031.
23
Calculate the greatest common factor of 875381 and 40171.
289
What is the highest common factor of 28 and 510861876?
28
What is the greatest common factor of 1669666 and 2672?
334
What is the highest common divisor of 10 and 907315?
5
Calculate the greatest common divisor of 86410 and 269320.
10
What is the greatest common divisor of 53036932 and 3211?
169
What is the greatest common divisor of 4022376 and 24?
24
What is the highest common divisor of 70702611 and 14?
7
Calculate the highest common divisor of 21192858 and 8010.
1602
Calculate the greatest common factor of 1703166 and 786.
6
Calculate the highest common factor of 666705 and 1936995.
3945
Calculate the highest common divisor of 6142 and 13485686.
74
Calculate the highest common divisor of 167256 and 19512.
72
Calculate the highest common factor of 128 and 82552688.
16
Calculate the highest common factor of 52730408 and 1208.
1208
What is the greatest common divisor of 5907567 and 328?
41
Calculate the greatest common factor of 2539225 and 2575.
25
What is the greatest common factor of 112768213 and 2?
1
What is the greatest common divisor of 1736 and 29985060?
868
What is the highest common factor of 307216 and 11137424?
3376
Calculate the highest common factor of 1018531 and 12135.
809
What is the highest common divisor of 4671465 and 45?
15
Calculate the greatest common factor of 3730792 and 13546.
26
Calculate the highest common factor of 23016 and 415734720.
3288
What is the highest common factor of 106 and 5172641?
53
Calculate the greatest common factor of 105219 and 661191.
1299
What is the greatest common divisor of 5494 and 228805?
67
What is the greatest common factor of 17300 and 10460272?
692
What is the greatest common factor of 67408423 and 2410?
241
What is the highest common factor of 793145 and 24820?
365
Calculate the greatest common factor of 1273 and 516800.
19
What is the greatest common factor of 29688 and 140592?
24
What is the greatest common divisor of 4946697 and 1512?
189
Calculate the greatest common factor of 12445520 and 400.
80
Calculate the greatest common divisor of 1929918 and 2562.
366
What is the highest common divisor of 33148737 and 20709?
1593
What is the greatest common divisor of 38 and 944467656?
38
What is the highest common factor of 2857413 and 1677?
39
What is the greatest common divisor of 2673 and 1153521?
243
What is the highest common factor of 221295121 and 69?
23
Calculate the greatest common factor of 112055058 and 306.
306
Calculate the highest common factor of 245966 and 812.
14
What is the greatest common factor of 350 and 73198475?
175
What is the highest common factor of 10087 and 11994884?
1441
Calculate the greatest common divisor of 254 and 210543267.
127
Calculate the greatest common divisor of 25703565 and 21007.
3001
Calculate the highest common factor of 2548 and 10254916.
196
Calculate the greatest common factor of 225 and 86161815.
45
Calculate the highest common factor of 2098796 and 7774.
46
What is the highest common factor of 2260 and 1112033?
113
What is the greatest common divisor of 42 and 3488646?
42
Calculate the highest common divisor of 8970 and 16877640.
390
What is the highest common factor of 293746 and 1039526?
1522
What is the greatest common factor of 1176049 and 147?
49
What is the highest common divisor of 5 and 71957530?
5
Calculate the highest common divisor of 7155 and 4709421.
1431
Calculate the highest common divisor of 186 and 30027468.
186
Calculate the highest common factor of 7215972 and 876.
12
Calculate the highest common divisor of 72 and 249998664.
24
Calculate the greatest common factor of 1928051037 and 22.
11
What is the greatest common factor of 15 and 1226781?
3
Calculate the greatest common divisor of 2618 and 3891272.
154
Calculate the highest common divisor of 353693 and 7303.
67
What is the highest common factor of 286 and 6758422?
22
What is the highest common factor of 540 and 3519260?
20
What is the highest common factor of 45415 and 1286965?
155
Calculate the highest common divisor of 2564 and 89972683.
641
Calculate the highest common factor of 20 and 26078180.
20
Calculate the highest common divisor of 144511361 and 3041.
3041
Calculate the highest common divisor of 245 and 34854715.
35
What is the greatest common factor of 75 and 406792700?
25
Calculate the highest common factor of 3477925 and 4675.
275
What is the greatest common divisor of 110833 and 21034?
809
What is the highest common factor of 18650065 and 3410?
155
What is the greatest common divisor of 60 and 105644270?
10
What is the greatest common divisor of 2767952 and 48?
16
Calculate the highest common factor of 91160 and 104410.
530
Calculate the highest common divisor of 192 and 92208288.
96
Calculate the greatest common divisor of 16758 and 843144.
114
Calculate the highest common divisor of 98904 and 3192.
24
Calculate the highest common factor of 1104 and 299528.
8
What is the greatest common factor of 9181175 and 117395?
2215
Calculate the greatest common factor of 30 and 108280360.
10
Calculate the greatest common factor of 244026690 and 762.
762
What is the greatest common factor of 24158290 and 130?
130
Calculate the highest common factor of 2003848 and 352.
88
Calculate the greatest common factor of 73824 and 161856.
96
What is the greatest common divisor of 633 and 35237?
211
What is the highest common divisor of 1632 and 752770608?
816
What is the highest common divisor of 6223 and 1520521597?
6223
Calculate the highest common divisor of 382980 and 228540.
780
What is the greatest common factor of 19830 and 913502?
1322
What is the greatest common factor of 911160 and 10?
10
Calculate the highest common factor of 9094032 and 66096.
3888
What is the highest common divisor of 183 and 19182304?
61
Calculate the highest common factor of 337177289 and 3957.
1319
What is the highest common divisor of 21180 and 181920?
60
Calculate the greatest common divisor of 207204 and 15732.
12
What is the highest common factor of 107869 and 6456?
269
What is the highest common factor of 99734 and 30456?
94
What is the highest common divisor of 1008056 and 48692?
1316
What is the highest common factor of 14412 and 192?
12
Calculate the highest common factor of 58 and 7239879.
29
Calculate the greatest common divisor of 30200 and 29151305.
755
What is the highest common factor of 692 and 535026028?
692
Calculate the greatest common factor of 30450800 and 25555.
1345
Calculate the highest common factor of 3 and 38222922.
3
What is the greatest common divisor of 1031 and 23849092?
1031
Calculate the greatest common divisor of 1396794 and 68502.
294
What is the greatest common divisor of 4888 and 107042312?
4888
Calculate the greatest common divisor of 240 and 129789960.
120
What is the greatest common divisor of 3024 and 1423072?
112
Calculate the highest common factor of 698538299 and 47.
47
What 